 6. Let d be y(5). Determine v(d).
0
Let h(p) = p**2 + 11*p - 11. Let g be h(-12). Let j(k) be the third derivative of -7/60*k**5 - 1/12*k**4 + 0 + 0*k + 1/6*k**3 - k**2. Calculate j(g).
-8
Let c(w) = -4*w**2 + 14*w - 3. Let r(x) = -x**2 + x - 1. Let j(y) = -c(y) + 5*r(y). Calculate j(-6).
16
Let k = -26 + 32. Let h(m) = 0*m**3 - 193 + 182 - k*m - m**3 + 9*m**2. Calculate h(8).
5
Suppose 9 = 23*p - 28*p + 4*t, t - 11 = 3*p. Let v(y) = y**2 + 4*y + 4. Give v(p).
9
Let h(n) be the third derivative of n**7/2520 + n**6/72 - n**5/60 + 5*n**4/12 + n**3/2 + 49*n**2. Let l(k) be the second derivative of h(k). Determine l(-9).
-11
Let g(r) = 5*r**3 + r**2 - 4*r + 8. Let t(l) = 14*l**3 + 4*l**2 - 11*l + 23. Let w(s) = 11*g(s) - 4*t(s). Determine w(-4).
-20
Let s(d) = 9*d + 3. Let a(k) = 19*k + 6. Let b(c) = 6*a(c) - 13*s(c). Let q(o) = -180*o - 2166. Let g be q(-12). Give b(g).
15
Suppose 3*o + 4 = r, -4*o + 0*r = -5*r - 2. Let y(s) = -4*s + 3. Determine y(o).
11
Let h be 57/9*57/19. Let j(r) = -r**2 + 20*r - 16. Give j(h).
3
Let c(t) = t. Let p(g) = 10*g**2 + 6*g - 3. Let i(m) = -5*m**2 - 3*m + 2. Let v(l) = -5*i(l) - 3*p(l). Let s(q) = 4*c(q) + v(q). Determine s(-2).
-23
Let n(i) = -i**3 + 5*i - 3. Let c be n(2). Let b(v) = -6*v - 1. Calculate b(c).
5
Let c(q) = q**2 + 9*q - 7. Let n(s) be the second derivative of s**3/6 - 22*s. Let h(k) = c(k) - 3*n(k). What is h(-6)?
-7
Suppose 3*s + 11 = 23. Let l(q) = -q**2 + 0*q**2 - 13 + 9 - s*q. Let z be 4/18 + (-76)/18. Give l(z).
-4
Let v(b) = 2*b**2 + b + 1. Let y be v(-1). Let p = y - 0. Let w(k) = -k**2 + 3*k - 2. What is w(p)?
0
Let v(m) = 2*m**2 + 5*m - 4. Let y(n) = -n + 1. Let c(t) = -v(t) + 2*y(t). Determine c(-6).
-24
Let r(w) = -25 - 3 - 7*w - 15. Calculate r(-8).
13
Let p(x) = -60*x + 15*x + 21*x + 7 + 23*x. Let s(v) = 6*v**2 - 1. Let r be s(1). Suppose 0 = r*c + g - 30, 0 = -3*c + 3*g + 13 + 5. Give p(c).
1
Suppose -3*s = 4*g - 38, -199*s + 195*s + g = -19. Let t(w) = 5*w - 35. Give t(s).
-5
Let l(b) be the first derivative of b**5/60 + b**3/3 - 15*b**2/2 - 20. Let i(m) be the second derivative of l(m). Determine i(-3).
11
Let d(y) = y - 9. Suppose c - 33 = -10*o + 5*o, -60 = -4*c + 4*o. Let x = -16 + c. Suppose w + x*w = 15. Determine d(w).
-4
Let t(v) = v + 3. Let x(m) = 7*m**2 - 4*m + 3. Let q be x(1). Calculate t(q).
9
Let g(a) = -145*a - 143*a + 290*a + 8. What is g(9)?
26
Let f(x) be the third derivative of -x**6/120 + x**5/5 + x**4/24 - 7*x**3/3 + 263*x**2. What is f(12)?
-2
Let c be -16 - -22 - (2 + 5*3). Let u(h) = 2*h + 19. Calculate u(c).
-3
Let p(u) = -u**2 + 2*u + 2. Suppose 10*d - 51 = -1. Determine p(d).
-13
Let x(h) be the third derivative of h**4/24 - h**3/2 + 2*h**2. Let t be x(6). Let b(y) = -2*y. Let w(k) = 3*k - 1. Let j(v) = 2*b(v) + w(v). Determine j(t).
-4
Suppose 0 = -5*p + 18*p - 104. Let f(a) = -a**2 + 8*a + 11. Give f(p).
11
Let u(y) = -25 - 7*y - 7*y + 15 + 2*y**2 + 2*y. What is u(7)?
4
Let c(q) = q**3 - 8*q**2 - q + 8. Let a(z) = -z**3 + 16*z**2 - 26*z - 20. Let b be a(14). Give c(b).
0
Let i(x) = 1. Let m(w) be the third derivative of -w**4/24 - w**3 + w**2. Let u(p) = 5*i(p) + m(p). Let d(g) = -g - 4. Let o be d(-6). Determine u(o).
-3
Let j(v) = v**3 + 6*v**2 + 7*v - 1. Suppose 16*w + 105 = -5*w. Give j(w).
-11
Let v be (-48)/84 + (1 - (-9)/(-21)). Let f(n) = 2*n - 4 - 6 + 4. Calculate f(v).
-6
Let i(h) = -h - 37. Let c be i(-42). Let f(l) = l**3 - 7*l**2 + 6*l - 11. Calculate f(c).
-31
Let b(a) = -2*a. Let d(y) = 3*y + 4. Let t(p) = 4*b(p) + d(p). Determine t(4).
-16
Suppose 2*f + 3*v = 3*f + 19, 4*v = -2*f + 12. Suppose 7*u - 10 = 2*u. Let b(j) = j - j**u - 4*j + 3 - 5. Calculate b(f).
-6
Let f(j) = 11*j + 4. Let r(s) = 9*s + 3. Let p(g) = 4*f(g) - 5*r(g). What is p(-6)?
7
Let y(r) = r - 3 + 7 + 4 + 5. Suppose -25 = 4*k + 8*g - 11*g, 23 = -4*k + 5*g. Calculate y(k).
6
Suppose 0 = -15*z + 10*z + 15. Let o(d) = -d**2 + 2*d**2 + d + z*d**2. Calculate o(1).
5
Let u(x) be the second derivative of x**4/12 + 2*x**3 + 4*x**2 + 183*x. What is u(-12)?
8
Let a(u) = -u**3 - u**2 - 3*u - 2. Let w be a(-1). Let g be ((-2)/(-6))/(w/3). Let v(x) = 5*x - 3*x + 7*x. Calculate v(g).
9
Let r(v) be the first derivative of 7*v + 26*v**2 - 13*v**2 - 12*v**2 - 2 - 2*v. Let z be (-7 - -1)*(-2)/(-3). What is r(z)?
-3
Let k(m) = 3*m - 9*m + 7 - m + m**2 + 20*m. Give k(-8).
-33
Let a(g) = 2*g**2 + 5*g + 2. Let c be a(-3). Suppose -17 + 7 = -c*j. Suppose -j*w - f = -4*w - 5, 4*f = 20. Let y(x) = x**3 - 1. Calculate y(w).
-1
Let h(c) be the first derivative of -c**2/2 - 8*c - 177. Calculate h(-14).
6
Let o = 0 - -2. Let i be (1 + ((-26)/(-10) - o))*-5. Let d(n) = -2*n - 10. Give d(i).
6
Let n(b) = 30*b + 2*b**2 + 3 - 79*b + 24*b + 3*b**3 + 21*b + b**2. Determine n(2).
31
Let t be (63/6)/3*(-15 - -1). Let f = t - -43. Let o(v) = -v**3 - 7*v**2 - 5*v + 2. What is o(f)?
-4
Let f(h) = -8*h**2 - 2. Suppose 3*z = 2*a + 13, 2*a + 10 + 6 = 4*z. Determine f(a).
-34
Let c(b) = -b**2 - b - 1. Let m be -4 + -1 - (0 - 4). What is c(m)?
-1
Let c(z) be the third derivative of -z**4/24 + 5*z**3/2 - z**2. Suppose 15 - 117 = 6*b. Let p = b - -17. Determine c(p).
15
Let o(m) = -24 + 5*m + 76 - m - m**2. Calculate o(9).
7
Suppose -4*w = -111 - 1. Suppose -2*g = -4*f + w, f - 25 = 3*g + 2*g. Let o(u) be the second derivative of u**4/12 + 5*u**3/6 + u**2 - 9794*u. Determine o(g).
-2
Suppose -93*u = -91*u + 4*n, 12 = 2*u - 2*n. Let h(w) = w**3 - 6*w**2 + 2*w + 2. Calculate h(u).
-22
Let k = 13 - 9. Suppose k*z + 14 = -6. Let w(g) = -g**2 + 4*g - 2 - 1 - 2*g - 8*g. Calculate w(z).
2
Let s(b) = 16*b + 11*b - 39*b + 15*b - 60 + 15. What is s(16)?
3
Suppose -l - 2 = 2*p - 0, 4*l = 3*p - 8. Let z(w) = -4*w**2 - 5*w - 2. Determine z(l).
-8
Suppose 0 = m - 6*m + 30. Let d(h) be the first derivative of -1/4*h**4 - 3 + 2*h**3 + 2*h - 1/2*h**2. What is d(m)?
-4
Let d(n) = -2*n. Let l(a) = a. Let s(r) = -3*d(r) - 10*l(r). Let f be 70 + -75 + -1 + 5. Determine s(f).
4
Let i = -15 + -1. Let a be 1*4/i*-4. Let c(b) = 0*b**2 + 2*b**2 - 3*b**2 + a + 8*b**3 + 0 + b. Determine c(-1).
-9
Suppose 6*p - 5*p = 0. Let y(q) = p*q - q**3 + 5 - 4*q**2 + 0 + q - 3. Give y(-4).
-2
Suppose -12*h + 9*h = -60. Suppose 4*g = 8*g + h. Let q(p) = -2*p + 1. Determine q(g).
11
Let s(q) = 2*q + 8. Let u(b) = -2*b. Let p be u(-5). Let h be 116/p - 14/(-35). Suppose -3*y + 0*y - 2*g - h = 0, 0 = 3*y + g + 15. What is s(y)?
-4
Suppose 0*v - 8 = -2*v. Let d(m) be the second derivative of m**4/12 - 2*m**3/3 - m**2 - 3625*m. Give d(v).
-2
Let x(m) = 3*m - 32 + 81 - 52. What is x(-10)?
-33
Let u be (6/4)/(6/(-8)). Let v = 0 - u. Let h(t) be the third derivative of t**5/60 - t**4/8 + t**3/2 - 146*t**2. Calculate h(v).
1
Let o(p) be the second derivative of 7*p**3/6 + 19*p**2 + 418*p. Give o(-6).
-4
Suppose -4*z + 4*o + 7 - 3 = 0, -17 = -2*z - 3*o. Suppose -7*y = 4*l - 3*y + 8, -16 = z*y. Let j(n) = -17*n**2 + 4*n + l + 7*n**2 + 13*n**2. Calculate j(-2).
6
Let l = -1146 - -1158. Let k(o) = 3*o - 34. Calculate k(l).
2
Let v(o) = o**2 - 7*o + 4. Let s be v(7). Let y = s - -1. Suppose -1 = 4*r - 3*m, -2*r - 2 = -y*m - 19. Let d(k) = 2*k + 2. Determine d(r).
-6
Let x(q) be the third derivative of 2*q**2 + 0*q + 13/24*q**4 + 0 + 1/6*q**3. Let i be ((-10)/(-1) - 9)/(-1). Determine x(i).
-12
Let i be (-60 + (-4 - -4))/(-1). Let h be (-2)/(2 - i/35). Let q(o) = o**3 + 8*o**2 + 7*o + 8. What is q(h)?
8
Let s(j) = -j**2 + 3*j - 1. Suppose 0 = -5*m + 3*d - 6, 3*m + 3 = 5*d - 7. Suppose m = 2*h - 6, -2*l + 21 = -0*l + 3*h. Suppose -l*i + 9*i - 9 = 0. Give s(i).
-1
Let v be 9/6 + -1 - (-7)/(-2). Let c(n) be the third derivative of -n**4/12 + n**3/3 - 2*n**2. Give c(v).
8
Let l(n) = 5*n**3 + 64*n**2 - 14*n - 18. Let h be l(-13). Let p(s) = -s**3 - 6*s**2 + 6*s + 6. Give p(h).
-49
Let d(x) be the third derivative of x**4/8 + 249*x**2. Give d(-1).
-3
Suppose -4*s - 4*k + 20 = 0, 0 = -s + 122*k - 127*k + 17. Let p(m) = -3*m + 15. Calculate p(s).
9
Let i(t) = -2*t + 3. Let h(x) = -3*x + 4. Let q(y) = -3*h(y) + 4*i(y). Suppose 2*a - 9 = a. Suppose s + 3 = a. Calculate q(s).
6
Let a(z) be the first derivative of z**5/20 - z**4/12 - z**3/6 + 5*z**2 - 2*z - 2. Let r(b) be the first derivative of a(b). Let q = -12 + 12. Calculate r(q).
10
Let g(h) = -2*h**2 + 3*h + 2. Let c(x) 